 0 - 4. Suppose -b*c = 2*l + 23, l + 2*l - 3*c = -12. Let d(p) = -13*p - 18. What are the prime factors of d(l)?
73
Let h = 212 + 288. Let c = h - 232. List the prime factors of c.
2, 67
Let n = 49069 + -29267. What are the prime factors of n?
2, 9901
Let p = -45 - -63. Suppose -9 = 2*u - 5*s, -5*s = 3*u - 16 + 42. What are the prime factors of (-114)/(-21) - (p/u - -3)?
5
Suppose -458 - 112 = -6*h. Suppose h*p = 90*p - 10. What are the prime factors of (-6)/(p/60*27/12)?
2, 5
Let n(i) = 853*i + 8650. What are the prime factors of n(21)?
101, 263
Suppose -u + 6107 = -j, -4*j - 24412 = -4*u - 8*j. What are the prime factors of u?
3, 5, 11, 37
Let m(b) = -9*b - 7. Let i(q) = q + 8. Let l be i(-5). Let h be m(l). List the prime factors of ((-4)/6)/(h/4131).
3
Suppose 10*b = -7 + 37. Suppose b*m = -3*a - 0*a + 6, -4*a = -5*m - 17. Suppose 0*w - 2*w = -q - 85, -2*w = a*q - 97. What are the prime factors of w?
2, 11
Suppose l + 30544 = 5*v, -2*l = -82*v + 83*v - 6111. List the prime factors of v.
41, 149
Let r be (-1262)/((-6)/14 + (-354)/(-924)). Suppose -57*h = -13*h - r. List the prime factors of h.
631
Let d = 2296 - -5643. What are the prime factors of d?
17, 467
Suppose 21 = -4*o + 41. Suppose 1034 = j - o*y, -3*j = 4*y - 3368 + 323. List the prime factors of j.
1019
Let l = -14092 - -22231. List the prime factors of l.
3, 2713
Suppose 0 = 7*k - 14*k + 14. Suppose -o - o + 4*r + 138 = 0, k*o = 5*r + 139. Suppose o*d - 68*d + 170 = 0. List the prime factors of d.
2, 5, 17
Let l be 14 + ((-2)/(-6))/1*-6. Let n be (-5 + l/(-3))*(-2)/6. Suppose 0 = 4*j + n*j - 406. What are the prime factors of j?
2, 29
Let f = -68 - -71. Let k be 1*-8*(-1 + f). List the prime factors of (-7 + 213/(-6))*k/5.
2, 17
Suppose -9*o + 122973 + 172809 = -57027. List the prime factors of o.
3, 73, 179
Let g(h) = -2*h**3 - 68*h**2 - 3*h + 12. Let n = -43 - -9. What are the prime factors of g(n)?
2, 3, 19
Suppose 3*d - 4*z - 40358 = 0, -2*z = 4*d - 20656 - 33140. What are the prime factors of d?
2, 5, 269
Suppose -10 = -5*l, -4*h - l = h - 12. Suppose 0 = h*z + 8, m + m - 518 = z. What are the prime factors of m?
257
List the prime factors of 1645/((12/(-456))/(4/(-8))).
5, 7, 19, 47
Let u(g) = -g**3 - g. Let m(v) = 2*v**3 - 2*v**2 - 10*v - 4. Let z(c) = -m(c) + 5*u(c). Let a be ((-8)/6)/(12/18). List the prime factors of z(a).
2, 29
Let s = 455 + -232. Let i = 748 - s. What are the prime factors of i?
3, 5, 7
List the prime factors of 8/212 - (-41440)/2968.
2, 7
Suppose -2*j + 145636 = 4*q, 1397*j - 1405*j + 4*q + 582444 = 0. What are the prime factors of j?
2, 19, 479
Let s(f) = 6881*f - 884. What are the prime factors of s(7)?
3, 15761
Let j(v) = 4*v + 37. Let o be j(0). Suppose -o*b = -41*b + 3052. What are the prime factors of b?
7, 109
List the prime factors of ((-882)/24)/(12705/(-1408) - -9).
2, 7
Let b = -10739 - -16333. What are the prime factors of b?
2, 2797
Let o(n) = 28888*n**3 + n**2 - 1. Let a be o(1). Suppose -a = 102*g - 125*g. What are the prime factors of g?
2, 157
Let q be 1*-178*7/(-14). Let s = 386 - q. What are the prime factors of s?
3, 11
Let a be 2/(-6 + 7 + (-5)/6). Suppose 8*s = -a + 84. Suppose s*m - 1085 = -293. List the prime factors of m.
2, 11
Suppose 0 = 2*z + 8 - 36. Suppose -z*l - 68 = -1286. List the prime factors of l.
3, 29
Suppose 5*o - 15005 = 515*n - 518*n, 5*o + 19925 = 4*n. List the prime factors of n.
2, 5, 499
Let p(o) = 3*o**3 + 167*o**2 - 62*o - 327. Let m be p(-56). Let j(h) = -h**3 + h**2 - 3. Let r be j(0). List the prime factors of r/m - 574/(-3).
191
Suppose -2*d + 4*u = -3668, 4*d + 5*u - 7391 = 2*u. List the prime factors of d.
2, 461
Let v(j) = -2*j**3 + j**2 - 22. Let c be v(7). Let k = -435 - c. List the prime factors of k.
2, 7
Suppose 3*w + 2*m - 136794 = 0, -546*w + 548*w + 4*m - 91188 = 0. List the prime factors of w.
2, 3, 5, 19
Let p = -62498 - -87663. List the prime factors of p.
5, 7, 719
Let y(h) = 521*h**2 - 27*h - 7. List the prime factors of y(3).
43, 107
Let l(a) = -547*a - 3296. List the prime factors of l(-34).
2, 7, 1093
Let i be 92/(-4)*(-15)/(-5). Let s = i - -378. List the prime factors of s.
3, 103
Let g(b) = -b**3 + 15*b**2 + 3*b - 45. Let n be g(15). Suppose n = 3*k - 2380 - 1043. List the prime factors of k.
7, 163
Suppose 96 + 47 = -13*s. Let k(w) = -35*w - 28. List the prime factors of k(s).
3, 7, 17
Let t(b) = 88*b + 16. Let u be t(3). Let c = 59 + u. List the prime factors of c.
3, 113
Let t(n) = -n**2 - 12*n - 30. Let y be t(-9). Let i(o) = 16*o**2 - 12*o - 30. What are the prime factors of i(y)?
2, 3, 5
Let h = 1870 + -1107. Suppose -755*v + h*v = 8384. List the prime factors of v.
2, 131
Suppose 0 = 7*s - 144 - 52. Suppose 3*h + 4*z = -4, h - 5*z = -h + s. Suppose 5*g - 20 = -3*n + 8, -h*n + 28 = 2*g. List the prime factors of n.
2, 3
Suppose 39 = -4*c - 5*y - 152, -4*c + 2*y = 170. Let p = c + 40. Let z(t) = -27*t + 3. List the prime factors of z(p).
3, 37
Let f be 3 + (-10)/3*-15. Let w = 52 - f. List the prime factors of -12*120/9*w/2.
2, 5
Suppose 9*p - 53 - 586 = 0. Let g = p + -56. Let q(x) = 11*x - 18. What are the prime factors of q(g)?
3, 7
List the prime factors of (-53 + 28 + -565)*(3 - (-1104)/(-10)).
2, 3, 59, 179
Let l = 30 + 142. Let s = 331 - l. What are the prime factors of s?
3, 53
Suppose 74*m - 1981735 = -75791. List the prime factors of m.
2, 47, 137
Let t(f) = 14 - 4*f - 12*f - f + 3*f**2 + f. Let u be t(10). Let h = -100 + u. What are the prime factors of h?
2, 3
Let f = 174 + -182. Let n(h) = -6*h - 7*h - 35 + 13. What are the prime factors of n(f)?
2, 41
Let b(v) = 4*v**3 - v**2 - 8*v + 8. Let j be b(7). Suppose 673 = 4*z - j. Suppose 5*p - 488 = z. What are the prime factors of p?
3, 5, 13
Suppose 0 = -5*c + 40, -4*f - 846*c + 848*c + 74904 = 0. What are the prime factors of f?
2, 5, 1873
Suppose 12*o + 12 = 8*o. Let t be -2*((-1)/2 + o/2). Suppose 112 = t*j - 348. What are the prime factors of j?
5, 23
Suppose 5*o + 2991 = 8*o. Let l = o + 298. Suppose -12*r - l = -17*r. List the prime factors of r.
7, 37
Let o(r) be the first derivative of r**2/2 - 7*r + 13. Let i be o(12). List the prime factors of (2/i)/(12/1080).
2, 3
Let x be 1/(-3)*(153/(-42))/17*-14. Let i(v) = -162*v**2 + 4*v + 3. Let s(t) = t**2 - t - 1. Let w(b) = -i(b) - s(b). What are the prime factors of w(x)?
2, 3
Let n(k) be the third derivative of -5*k**4/8 - 2*k**3 + 4*k**2. Let p = 525 - 531. List the prime factors of n(p).
2, 3, 13
Let y be (-3)/(-2) + 123/(-82). Suppose -v - 21*v + 4312 = y. List the prime factors of v.
2, 7
Let j(o) be the second derivative of o**6/60 - o**5/30 - 11*o**4/12 - 20*o. Let c(z) be the third derivative of j(z). List the prime factors of c(7).
2, 5
Suppose -4*w = -2*d + 88170, 3*w = 5*d + 5*w - 220377. What are the prime factors of d?
11, 4007
Let h(q) = -43*q - 2*q**2 + 85*q - 2 + 0 - 35*q. Let v be h(2). Suppose -5*j + 1012 = r, 2*j - v*r = -2*j + 824. What are the prime factors of j?
7, 29
Let q = 27045 + -2892. What are the prime factors of q?
3, 83, 97
Let u be 4*((-536)/(-144) + 2/(-9)). Let n(t) be the first derivative of 7*t**2/2 - 52*t - 5. What are the prime factors of n(u)?
2, 23
Let s(l) = -7*l**2 + 4*l + 25. Let r be s(-5). Let v = 152 - r. What are the prime factors of v?
2, 7, 23
Let c = -12067 + 18879. List the prime factors of c.
2, 13, 131
Let u = 507 + -465. Suppose u*i - 11596 = 63122. List the prime factors of i.
3, 593
List the prime factors of (44/6*342)/((-39)/(-416)).
2, 11, 19
Suppose 0 = -2*c - 5*t + 21090, 4*c + 5*t - 42212 = 3*t. What are the prime factors of c?
5, 2111
Let t be -2*(-4 + 3 + -1). Suppose 4*w - t - 12 = 0. Suppose -w*g + 935 = 3*x, 4*g = -3 - 13. What are the prime factors of x?
317
Let b(n) = -74*n - 2. Let a be b(-1). Suppose -a = -14*y + 852. What are the prime factors of y?
2, 3, 11
Let s be (-1)/(-5) - (-154785)/75. Let v = -1164 + s. Let o = -612 + v. What are the prime factors of o?
2, 3
Let y be 91/26*(-2382)/(-7). Suppose 0 = -l + 6*f - 9*f + 579, 2*l - 5*f - y = 0. List the prime factors of l.
2, 3, 7
Suppose 1236320 = 41*y - 1156358. List the prime factors of y.
2, 29179
Suppose 166*y - 151*y = 74325. What are the prime factors of y?
5, 991
List the prime factors of ((-348)/(-203))/((-1)/(-19544)).
2, 